{"id":66,"date":"2026-01-20T11:23:56","date_gmt":"2026-01-20T10:23:56","guid":{"rendered":"https:\/\/sklep.zrosinska.pl\/?post_type=product&#038;p=66"},"modified":"2026-03-19T19:46:24","modified_gmt":"2026-03-19T18:46:24","slug":"dieta-thermomix","status":"publish","type":"product","link":"http:\/\/sklep.zrosinska.pl\/?product=dieta-thermomix","title":{"rendered":"Dieta Thermomix &#8211; zdrowe od\u017cywianie w nowoczesnej formie"},"content":{"rendered":"<p data-start=\"274\" data-end=\"565\"><strong data-start=\"274\" data-end=\"293\">Dieta Thermomix<\/strong> to starannie opracowany jad\u0142ospis, kt\u00f3ry \u0142\u0105czy <strong data-start=\"341\" data-end=\"412\">zasady zdrowego \u017cywienia z maksymaln\u0105 wygod\u0105 przygotowania posi\u0142k\u00f3w<\/strong>. Powsta\u0142a z my\u015bl\u0105 o osobach, kt\u00f3re chc\u0105 je\u015b\u0107 \u015bwiadomie, regularnie i smacznie, a jednocze\u015bnie oszcz\u0119dza\u0107 czas dzi\u0119ki wykorzystaniu urz\u0105dzenia Thermomix.<\/p>\n<p data-start=\"567\" data-end=\"824\">Jad\u0142ospis bazuje na <strong data-start=\"587\" data-end=\"635\">zbilansowanych, pe\u0142nowarto\u015bciowych posi\u0142kach<\/strong>, opracowanych zgodnie z aktualn\u0105 wiedz\u0105 z zakresu dietetyki. Ka\u017cdy przepis jest prosty, klarowny i dostosowany do pracy z Thermomixem \u2013 bez zb\u0119dnych komplikacji i d\u0142ugiego stania w kuchni.<\/p>\n<h3 data-start=\"831\" data-end=\"863\">Co wyr\u00f3\u017cnia Diet\u0119 Thermomix?<\/h3>\n<p data-start=\"865\" data-end=\"1294\">\u2714\ufe0f <strong data-start=\"868\" data-end=\"894\">Przepisy krok po kroku<\/strong> \u2013 idealnie dopasowane do urz\u0105dzenia Thermomix<br data-start=\"940\" data-end=\"943\" \/>\u2714\ufe0f <strong data-start=\"946\" data-end=\"970\">Zbilansowane posi\u0142ki<\/strong> \u2013 odpowiednia ilo\u015b\u0107 bia\u0142ka, t\u0142uszcz\u00f3w i w\u0119glowodan\u00f3w<br data-start=\"1023\" data-end=\"1026\" \/>\u2714\ufe0f <strong data-start=\"1029\" data-end=\"1050\">Oszcz\u0119dno\u015b\u0107 czasu<\/strong> \u2013 szybkie przygotowanie posi\u0142k\u00f3w nawet przy napi\u0119tym grafiku<br data-start=\"1111\" data-end=\"1114\" \/>\u2714\ufe0f <strong data-start=\"1117\" data-end=\"1147\">Proste, dost\u0119pne sk\u0142adniki<\/strong> \u2013 bez egzotycznych i trudno dost\u0119pnych produkt\u00f3w<br data-start=\"1196\" data-end=\"1199\" \/>\u2714\ufe0f <strong data-start=\"1202\" data-end=\"1233\">Wsparcie zdrowia i sylwetki<\/strong> \u2013 dieta odpowiednia dla os\u00f3b dbaj\u0105cych o jako\u015b\u0107 od\u017cywiania<\/p>\n<h3 data-start=\"1301\" data-end=\"1335\">Dla kogo jest Dieta Thermomix?<\/h3>\n<ul data-start=\"1337\" data-end=\"1657\">\n<li data-start=\"1337\" data-end=\"1417\">\n<p data-start=\"1339\" data-end=\"1417\">dla os\u00f3b zapracowanych, kt\u00f3re chc\u0105 je\u015b\u0107 zdrowo bez sp\u0119dzania godzin w kuchni<\/p>\n<\/li>\n<li data-start=\"1418\" data-end=\"1504\">\n<p data-start=\"1420\" data-end=\"1504\">dla u\u017cytkownik\u00f3w Thermomixa, kt\u00f3rzy chc\u0105 w pe\u0142ni wykorzysta\u0107 mo\u017cliwo\u015bci urz\u0105dzenia<\/p>\n<\/li>\n<li data-start=\"1505\" data-end=\"1568\">\n<p data-start=\"1507\" data-end=\"1568\">dla os\u00f3b dbaj\u0105cych o sylwetk\u0119, energi\u0119 i dobre samopoczucie<\/p>\n<\/li>\n<li data-start=\"1569\" data-end=\"1657\">\n<p data-start=\"1571\" data-end=\"1657\">dla tych, kt\u00f3rzy ceni\u0105 <strong data-start=\"1594\" data-end=\"1657\">przejrzyste jad\u0142ospisy i sprawdzone rozwi\u0105zania dietetyczne<\/strong><\/p>\n<\/li>\n<\/ul>\n<h3 data-start=\"1664\" data-end=\"1683\">Co otrzymujesz?<\/h3>\n<p data-start=\"1685\" data-end=\"1870\">\ud83d\udcd8 <strong data-start=\"1688\" data-end=\"1721\">Elektroniczny jad\u0142ospis (PDF)<\/strong> gotowy do pobrania<br data-start=\"1740\" data-end=\"1743\" \/>\ud83d\uded2 <strong data-start=\"1746\" data-end=\"1763\">List\u0119 zakup\u00f3w<\/strong> u\u0142atwiaj\u0105c\u0105 planowanie tygodnia<br data-start=\"1795\" data-end=\"1798\" \/>\u23f1\ufe0f <strong data-start=\"1801\" data-end=\"1838\">Przepisy dopasowane do Thermomixa<\/strong> \u2013 bez domys\u0142\u00f3w i improwizacji<\/p>\n<p data-start=\"1877\" data-end=\"2115\"><strong data-start=\"1877\" data-end=\"1896\">Dieta Thermomix<\/strong> to idealne po\u0142\u0105czenie nowoczesnej technologii i \u015bwiadomego od\u017cywiania. Je\u015bli szukasz gotowego rozwi\u0105zania, kt\u00f3re u\u0142atwi Ci codzienne decyzje \u017cywieniowe i pozwoli je\u015b\u0107 zdrowo bez wysi\u0142ku \u2013 ten jad\u0142ospis jest dla Ciebie.<\/p>\n","protected":false},"excerpt":{"rendered":"<p data-start=\"49\" data-end=\"358\"><strong data-start=\"49\" data-end=\"68\">Dieta Thermomix<\/strong> to gotowy jad\u0142ospis oparty na zasadach zdrowego, zbilansowanego \u017cywienia, stworzony specjalnie dla u\u017cytkownik\u00f3w urz\u0105dzenia Thermomix. Proste przepisy krok po kroku pozwalaj\u0105 przygotowa\u0107 pe\u0142nowarto\u015bciowe posi\u0142ki w kr\u00f3tkim czasie \u2013 bez skomplikowanych technik i trudno dost\u0119pnych sk\u0142adnik\u00f3w.<\/p>\n<p data-start=\"360\" data-end=\"466\">To idealne rozwi\u0105zanie dla os\u00f3b zapracowanych, dbaj\u0105cych o zdrowie, sylwetk\u0119 i codzienny komfort w kuchni.<\/p>\n<p data-start=\"468\" data-end=\"561\" data-is-last-node=\"\" data-is-only-node=\"\">\ud83d\udcd8 Jad\u0142ospis w formacie PDF<\/p>\n<p data-start=\"468\" data-end=\"561\" data-is-last-node=\"\" data-is-only-node=\"\">\ud83d\uded2 Lista zakup\u00f3w<\/p>\n<p data-start=\"468\" data-end=\"561\" data-is-last-node=\"\" data-is-only-node=\"\">\u23f1\ufe0f Szybkie przepisy dopasowane do Thermomixa<\/p>\n","protected":false},"featured_media":67,"comment_status":"open","ping_status":"closed","template":"","meta":[],"product_brand":[],"product_cat":[17],"product_tag":[],"class_list":{"0":"post-66","1":"product","2":"type-product","3":"status-publish","4":"has-post-thumbnail","6":"product_cat-dieta","8":"first","9":"instock","10":"taxable","11":"shipping-taxable","12":"purchasable","13":"product-type-variable"},"jetpack_sharing_enabled":true,"_links":{"self":[{"href":"http:\/\/sklep.zrosinska.pl\/index.php?rest_route=\/wp\/v2\/product\/66","targetHints":{"allow":["GET"]}}],"collection":[{"href":"http:\/\/sklep.zrosinska.pl\/index.php?rest_route=\/wp\/v2\/product"}],"about":[{"href":"http:\/\/sklep.zrosinska.pl\/index.php?rest_route=\/wp\/v2\/types\/product"}],"replies":[{"embeddable":true,"href":"http:\/\/sklep.zrosinska.pl\/index.php?rest_route=%2Fwp%2Fv2%2Fcomments&post=66"}],"wp:featuredmedia":[{"embeddable":true,"href":"http:\/\/sklep.zrosinska.pl\/index.php?rest_route=\/wp\/v2\/media\/67"}],"wp:attachment":[{"href":"http:\/\/sklep.zrosinska.pl\/index.php?rest_route=%2Fwp%2Fv2%2Fmedia&parent=66"}],"wp:term":[{"taxonomy":"product_brand","embeddable":true,"href":"http:\/\/sklep.zrosinska.pl\/index.php?rest_route=%2Fwp%2Fv2%2Fproduct_brand&post=66"},{"taxonomy":"product_cat","embeddable":true,"href":"http:\/\/sklep.zrosinska.pl\/index.php?rest_route=%2Fwp%2Fv2%2Fproduct_cat&post=66"},{"taxonomy":"product_tag","embeddable":true,"href":"http:\/\/sklep.zrosinska.pl\/index.php?rest_route=%2Fwp%2Fv2%2Fproduct_tag&post=66"}],"curies":[{"name":"wp","href":"https:\/\/api.w.org\/{rel}","templated":true}]}}